{"id":1935,"date":"2026-04-01T19:54:44","date_gmt":"2026-04-01T19:54:44","guid":{"rendered":"https:\/\/2fem.rs\/?page_id=1935"},"modified":"2026-07-17T09:33:25","modified_gmt":"2026-07-17T09:33:25","slug":"book-a-portrait-session","status":"publish","type":"page","link":"https:\/\/2fem.rs\/sr\/book-a-portrait-session\/","title":{"rendered":"Zaka\u017eite fotografisanje u studiu"},"content":{"rendered":"<div class=\"wp-block-group alignfull is-style-section-5 has-global-padding is-layout-constrained wp-container-core-group-is-layout-35b2c3b1 wp-block-group-is-layout-constrained is-style-section-5--1\" style=\"border-style:none;border-width:0px;border-top-left-radius:0px;border-top-right-radius:0px;border-bottom-left-radius:0px;border-bottom-right-radius:0px;min-height:441px;margin-top:var(--wp--preset--spacing--20);margin-bottom:var(--wp--preset--spacing--20);padding-top:var(--wp--preset--spacing--30);padding-right:var(--wp--preset--spacing--30);padding-bottom:var(--wp--preset--spacing--30);padding-left:var(--wp--preset--spacing--30)\">\n<div class=\"wp-block-columns alignwide are-vertically-aligned-center is-layout-flex wp-container-core-columns-is-layout-ca2dd60b wp-block-columns-is-layout-flex\">\n<div class=\"wp-block-column is-vertically-aligned-center has-global-padding is-layout-constrained wp-block-column-is-layout-constrained\" style=\"flex-basis:50%\">\n<h2 class=\"wp-block-heading has-text-align-center\" style=\"font-size:clamp(1.352rem, 1.352rem + ((1vw - 0.2rem) * 1.33), 2.2rem);\">LAKO ZAKA\u017dITE SVOJ TERMIN U STUDIJU PREKO FORME I UBRZO VAM SE JAVLJAMO SA POTVRDOM I DETALJIMA<\/h2>\n<\/div>\n\n\n\n<div class=\"wp-block-column is-vertically-aligned-center has-global-padding is-layout-constrained wp-block-column-is-layout-constrained\" style=\"flex-basis:70%\">\n<div class=\"wp-block-group has-global-padding is-layout-constrained wp-container-core-group-is-layout-2e40e3ea wp-block-group-is-layout-constrained\" style=\"margin-top:0;margin-bottom:0;padding-top:0;padding-right:0;padding-bottom:0;padding-left:0\"><\/div>\n<\/div>\n<\/div>\n<\/div>\n\n\n\n<div class=\"wp-block-group alignwide is-style-default has-global-padding is-content-justification-center is-layout-constrained wp-block-group-is-layout-constrained\" style=\"margin-top:0;margin-bottom:0;padding-top:0;padding-bottom:0\">\n<div class=\"wp-block-columns alignwide is-layout-flex wp-container-core-columns-is-layout-b7f6f8cb wp-block-columns-is-layout-flex\">\n<div class=\"wp-block-column is-vertically-aligned-center has-global-padding is-layout-constrained wp-container-core-column-is-layout-4bfd7e61 wp-block-column-is-layout-constrained\" style=\"padding-top:var(--wp--preset--spacing--30);padding-right:var(--wp--preset--spacing--60);padding-bottom:var(--wp--preset--spacing--30);padding-left:var(--wp--preset--spacing--60)\">\n<div class=\"wp-block-group is-vertical is-content-justification-stretch is-layout-flex wp-container-core-group-is-layout-25a8ba01 wp-block-group-is-layout-flex\" style=\"min-height:100%\">\n<p class=\"has-text-align-center is-style-text-display has-xx-large-font-size is-style-text-display--2 wp-block-paragraph\">Studio se nalazi u Zemunu,<br>Nikolaja Saltikova 2<\/p>\n\n\n\n<p class=\"has-text-align-center has-medium-font-size wp-block-paragraph\" style=\"text-transform:uppercase\"><a href=\"https:\/\/maps.app.goo.gl\/bkfWdyzpWhjFgpRZ7\" data-type=\"link\" data-id=\"https:\/\/maps.app.goo.gl\/bkfWdyzpWhjFgpRZ7\">Kako do nas<\/a><\/p>\n<\/div>\n<\/div>\n\n\n\n<div class=\"wp-block-column is-vertically-aligned-center has-global-padding is-layout-constrained wp-container-core-column-is-layout-7cd58ccc wp-block-column-is-layout-constrained\" style=\"padding-top:var(--wp--preset--spacing--30);padding-right:var(--wp--preset--spacing--30);padding-bottom:var(--wp--preset--spacing--30);padding-left:var(--wp--preset--spacing--30)\">\n<figure class=\"wp-block-image alignwide size-large\"><img loading=\"lazy\" decoding=\"async\" width=\"768\" height=\"1024\" src=\"https:\/\/2fem.rs\/wp-content\/uploads\/2025\/12\/1F8A2713-768x1024.jpg\" alt=\"Proffesional photo and video studio in BelgradeStudio za portrete Beograd\" class=\"wp-image-79\" srcset=\"https:\/\/2fem.rs\/wp-content\/uploads\/2025\/12\/1F8A2713-768x1024.jpg 768w, https:\/\/2fem.rs\/wp-content\/uploads\/2025\/12\/1F8A2713-225x300.jpg 225w, https:\/\/2fem.rs\/wp-content\/uploads\/2025\/12\/1F8A2713-1152x1536.jpg 1152w, https:\/\/2fem.rs\/wp-content\/uploads\/2025\/12\/1F8A2713-1536x2048.jpg 1536w, https:\/\/2fem.rs\/wp-content\/uploads\/2025\/12\/1F8A2713-scaled.jpg 1920w\" sizes=\"auto, (max-width: 768px) 100vw, 768px\" \/><\/figure>\n<\/div>\n<\/div>\n<\/div>\n\n\n\n<div class=\"wp-block-group alignfull is-style-section-5 has-global-padding is-layout-constrained wp-block-group-is-layout-constrained is-style-section-5--3\" style=\"margin-top:0;margin-bottom:0;padding-top:var(--wp--preset--spacing--50);padding-bottom:var(--wp--preset--spacing--50)\">\n<h2 class=\"wp-block-heading has-text-align-center\" style=\"padding-top:var(--wp--preset--spacing--30);padding-bottom:var(--wp--preset--spacing--30)\">CENE<\/h2>\n\n\n\n<p class=\"has-text-align-center wp-block-paragraph\"><em>Studijske portretne sesije kreirane prema va\u0161im \u017eeljama i specifi\u010dnim zahtevima.<\/em><\/p>\n\n\n\n<div class=\"wp-block-columns alignwide is-layout-flex wp-container-core-columns-is-layout-ecffd27f wp-block-columns-is-layout-flex\" style=\"padding-top:var(--wp--preset--spacing--30);padding-right:var(--wp--preset--spacing--30);padding-bottom:var(--wp--preset--spacing--30);padding-left:var(--wp--preset--spacing--30)\">\n<div class=\"wp-block-column is-vertically-aligned-center is-layout-flow wp-block-column-is-layout-flow\" style=\"border-width:1px;border-top-left-radius:15px;border-top-right-radius:15px;border-bottom-left-radius:15px;border-bottom-right-radius:15px;padding-top:0;padding-right:var(--wp--preset--spacing--30);padding-bottom:0;padding-left:var(--wp--preset--spacing--30);flex-basis:50%\">\n<p class=\"has-text-align-center wp-block-paragraph\" style=\"padding-top:var(--wp--preset--spacing--20);padding-bottom:var(--wp--preset--spacing--20);font-size:clamp(21.027px, 1.314rem + ((1vw - 3.2px) * 1.272), 34px);\">Termin za jednu osobu<\/p>\n\n\n\n<p class=\"has-large-font-size wp-block-paragraph\" style=\"padding-top:0;padding-bottom:0\">\u20ac120<\/p>\n\n\n\n<p class=\"wp-block-paragraph\" style=\"font-size:14px\">1 sat<\/p>\n\n\n\n<ul style=\"padding-top:var(--wp--preset--spacing--20);padding-bottom:var(--wp--preset--spacing--20);padding-left:var(--wp--preset--spacing--20)\" class=\"wp-block-list is-style-checkmark-list has-small-font-size\">\n<li>Studijska portretna sesija za jednu osobu<\/li>\n\n\n\n<li>Profesionalna kolor korekcija i retu\u0161 lica<\/li>\n\n\n\n<li>20+ fotografija<\/li>\n\n\n\n<li>Razli\u010dite pozadine i stilovi po izboru<\/li>\n\n\n\n<li>Smernice za poziranje i pomo\u0107 odabira garderobe<\/li>\n<\/ul>\n<\/div>\n\n\n\n<div class=\"wp-block-column is-vertically-aligned-center is-layout-flow wp-block-column-is-layout-flow\" style=\"border-width:1px;border-top-left-radius:15px;border-top-right-radius:15px;border-bottom-left-radius:15px;border-bottom-right-radius:15px;padding-top:0;padding-right:var(--wp--preset--spacing--30);padding-bottom:0;padding-left:var(--wp--preset--spacing--30);flex-basis:50%\">\n<p class=\"has-text-align-center wp-block-paragraph\" style=\"padding-top:var(--wp--preset--spacing--20);padding-bottom:var(--wp--preset--spacing--20);font-size:clamp(21.027px, 1.314rem + ((1vw - 3.2px) * 1.272), 34px);\">Termin za dve osobe<\/p>\n\n\n\n<p class=\"has-large-font-size wp-block-paragraph\">\u20ac160<\/p>\n\n\n\n<p class=\"wp-block-paragraph\" style=\"font-size:14px\">1 sat<\/p>\n\n\n\n<ul style=\"padding-top:var(--wp--preset--spacing--20);padding-bottom:var(--wp--preset--spacing--20);padding-left:var(--wp--preset--spacing--20)\" class=\"wp-block-list is-style-checkmark-list has-small-font-size\">\n<li>Individualni portreti za obe osobe<\/li>\n\n\n\n<li>Zajedni\u010dki portreti<\/li>\n\n\n\n<li>Profesionalna kolor korekcija i retu\u0161 lica<\/li>\n\n\n\n<li>30+ fotografija<\/li>\n\n\n\n<li>Razli\u010dite pozadine i stilovi po izboru<\/li>\n\n\n\n<li>Smernice za poziranje i pomo\u0107 odabira garderobe<\/li>\n<\/ul>\n<\/div>\n\n\n\n<div class=\"wp-block-column is-vertically-aligned-center is-layout-flow wp-block-column-is-layout-flow\" style=\"border-width:1px;border-top-left-radius:15px;border-top-right-radius:15px;border-bottom-left-radius:15px;border-bottom-right-radius:15px;padding-top:0;padding-right:var(--wp--preset--spacing--30);padding-bottom:0;padding-left:var(--wp--preset--spacing--30);flex-basis:50%\">\n<p class=\"has-text-align-center wp-block-paragraph translation-block\" style=\"padding-top:var(--wp--preset--spacing--20);padding-bottom:var(--wp--preset--spacing--20);font-size:clamp(21.027px, 1.314rem + ((1vw - 3.2px) * 1.272), 34px);\">Termin za grupu<\/p>\n\n\n\n<p class=\"has-text-align-center has-small-font-size wp-block-paragraph\">Idealno za porodice i male grupe<\/p>\n\n\n\n<p class=\"has-large-font-size wp-block-paragraph\" style=\"padding-top:0;padding-bottom:0\">\u20ac200<\/p>\n\n\n\n<p class=\"has-small-font-size wp-block-paragraph\" style=\"padding-top:0;padding-bottom:var(--wp--preset--spacing--20)\">1 sat i 30 minuta<\/p>\n\n\n\n<ul style=\"padding-top:0;padding-bottom:var(--wp--preset--spacing--20);padding-left:var(--wp--preset--spacing--20)\" class=\"wp-block-list is-style-checkmark-list has-small-font-size\">\n<li>Individualni portreti svake osobe<\/li>\n\n\n\n<li>Zajedni\u010dki portreti<\/li>\n\n\n\n<li>Profesionalna kolor korekcija i retu\u0161 lica<\/li>\n\n\n\n<li>40+ fotografija<\/li>\n\n\n\n<li>Razli\u010dite pozadine i stilovi po izboru<\/li>\n\n\n\n<li>Smernice za poziranje i pomo\u0107 odabira garderobe<\/li>\n<\/ul>\n\n\n\n<p class=\"has-text-align-center has-small-font-size wp-block-paragraph\" style=\"padding-top:var(--wp--preset--spacing--20);padding-bottom:var(--wp--preset--spacing--20)\">Do 4 osobe. Potrebna doplata za vi\u0161e od 4 osobe<\/p>\n<\/div>\n<\/div>\n\n\n\n<p class=\"has-text-align-center has-medium-font-size wp-block-paragraph\" style=\"padding-top:var(--wp--preset--spacing--30);padding-bottom:var(--wp--preset--spacing--30)\">Za samo par klikova, bukirajte va\u0161 termin<\/p>\n\n\n\n<div class=\"wp-block-buttons is-content-justification-center is-layout-flex wp-container-core-buttons-is-layout-35f06ea7 wp-block-buttons-is-layout-flex\">\n<div class=\"wp-block-button\"><a class=\"wp-block-button__link has-large-font-size has-custom-font-size wp-element-button\" href=\"https:\/\/2fem.rs\/sr\/book-a-portrait-session\/\" style=\"border-top-left-radius:25px;border-top-right-radius:25px;border-bottom-left-radius:25px;border-bottom-right-radius:25px;padding-top:var(--wp--preset--spacing--30);padding-bottom:var(--wp--preset--spacing--30)\"><strong>Zaka\u017eite fotografisanje u studiu<\/strong><\/a><\/div>\n<\/div>\n<\/div>\n\n\n\n<div class=\"wp-block-buttons has-custom-font-size has-x-large-font-size is-content-justification-center is-layout-flex wp-container-core-buttons-is-layout-94b2d4c3 wp-block-buttons-is-layout-flex\" style=\"border-top-left-radius:0px;border-top-right-radius:0px;border-bottom-left-radius:0px;border-bottom-right-radius:0px;padding-top:var(--wp--preset--spacing--30);padding-right:var(--wp--preset--spacing--40);padding-bottom:var(--wp--preset--spacing--50);padding-left:var(--wp--preset--spacing--40)\">\n<div class=\"wp-block-button\"><a class=\"wp-block-button__link wp-element-button\" href=\"https:\/\/2fem.rs\/sr\/\" style=\"border-top-left-radius:25px;border-top-right-radius:25px;border-bottom-left-radius:25px;border-bottom-right-radius:25px;padding-top:var(--wp--preset--spacing--30);padding-right:var(--wp--preset--spacing--30);padding-bottom:var(--wp--preset--spacing--30);padding-left:var(--wp--preset--spacing--30)\">Po\u010detna strana<\/a><\/div>\n<\/div>","protected":false},"excerpt":{"rendered":"<p>EASELY SCHEDULE YOUR SESSION AND WE WILL GET BACK TO YOU SHORTLY TO DISCUSS ALL DETAILS Studio is based in Zemun,Nikolaja Saltikova 2 street Get directions PRICING Studio-based portrait sessions tailored to individual needs. One-person portrait pession \u20ac120 1 hour studio session Two-person portrait session \u20ac160 1 hour studio session Group portrait session Ideal for [&hellip;]<\/p>\n","protected":false},"author":1,"featured_media":1328,"parent":0,"menu_order":0,"comment_status":"closed","ping_status":"closed","template":"","meta":{"footnotes":""},"class_list":["post-1935","page","type-page","status-publish","has-post-thumbnail","hentry"],"_links":{"self":[{"href":"https:\/\/2fem.rs\/sr\/wp-json\/wp\/v2\/pages\/1935","targetHints":{"allow":["GET"]}}],"collection":[{"href":"https:\/\/2fem.rs\/sr\/wp-json\/wp\/v2\/pages"}],"about":[{"href":"https:\/\/2fem.rs\/sr\/wp-json\/wp\/v2\/types\/page"}],"author":[{"embeddable":true,"href":"https:\/\/2fem.rs\/sr\/wp-json\/wp\/v2\/users\/1"}],"replies":[{"embeddable":true,"href":"https:\/\/2fem.rs\/sr\/wp-json\/wp\/v2\/comments?post=1935"}],"version-history":[{"count":4,"href":"https:\/\/2fem.rs\/sr\/wp-json\/wp\/v2\/pages\/1935\/revisions"}],"predecessor-version":[{"id":2005,"href":"https:\/\/2fem.rs\/sr\/wp-json\/wp\/v2\/pages\/1935\/revisions\/2005"}],"wp:featuredmedia":[{"embeddable":true,"href":"https:\/\/2fem.rs\/sr\/wp-json\/wp\/v2\/media\/1328"}],"wp:attachment":[{"href":"https:\/\/2fem.rs\/sr\/wp-json\/wp\/v2\/media?parent=1935"}],"curies":[{"name":"wp","href":"https:\/\/api.w.org\/{rel}","templated":true}]}}

Zakažite fotografisanje u studiu

<div class="wp-block-group alignfull is-style-section-5 has-global-padding is-layout-constrained wp-container-core-group-is-layout-35b2c3b1 wp-block-group-is-layout-constrained is-style-section-5--1" style="border-style:none;border-width:0px;border-top-left-radius:0px;border-top-right-radius:0px;border-bottom-left-radius:0px;border-bottom-right-radius:0px;min-height:441px;margin-top:var(--wp--preset--spacing--20);margin-bottom:var(--wp--preset--spacing--20);padding-top:var(--wp--preset--spacing--30);padding-right:var(--wp--preset--spacing--30);padding-bottom:var(--wp--preset--spacing--30);padding-left:var(--wp--preset--spacing--30)">
<div class="wp-block-columns alignwide are-vertically-aligned-center is-layout-flex wp-container-core-columns-is-layout-ca2dd60b wp-block-columns-is-layout-flex">
<div class="wp-block-column is-vertically-aligned-center has-global-padding is-layout-constrained wp-block-column-is-layout-constrained" style="flex-basis:50%">
<h2 class="wp-block-heading has-text-align-center" style="font-size:clamp(1.352rem, 1.352rem + ((1vw - 0.2rem) * 1.33), 2.2rem);">LAKO ZAKAŽITE SVOJ TERMIN U STUDIJU PREKO FORME I UBRZO VAM SE JAVLJAMO SA POTVRDOM I DETALJIMA</h2>
</div>



<div class="wp-block-column is-vertically-aligned-center has-global-padding is-layout-constrained wp-block-column-is-layout-constrained" style="flex-basis:70%">
<div class="wp-block-group has-global-padding is-layout-constrained wp-container-core-group-is-layout-2e40e3ea wp-block-group-is-layout-constrained" style="margin-top:0;margin-bottom:0;padding-top:0;padding-right:0;padding-bottom:0;padding-left:0"></div>
</div>
</div>
</div>



<div class="wp-block-group alignwide is-style-default has-global-padding is-content-justification-center is-layout-constrained wp-block-group-is-layout-constrained" style="margin-top:0;margin-bottom:0;padding-top:0;padding-bottom:0">
<div class="wp-block-columns alignwide is-layout-flex wp-container-core-columns-is-layout-b7f6f8cb wp-block-columns-is-layout-flex">
<div class="wp-block-column is-vertically-aligned-center has-global-padding is-layout-constrained wp-container-core-column-is-layout-4bfd7e61 wp-block-column-is-layout-constrained" style="padding-top:var(--wp--preset--spacing--30);padding-right:var(--wp--preset--spacing--60);padding-bottom:var(--wp--preset--spacing--30);padding-left:var(--wp--preset--spacing--60)">
<div class="wp-block-group is-vertical is-content-justification-stretch is-layout-flex wp-container-core-group-is-layout-25a8ba01 wp-block-group-is-layout-flex" style="min-height:100%">
<p class="has-text-align-center is-style-text-display has-xx-large-font-size is-style-text-display--2 wp-block-paragraph">Studio se nalazi u Zemunu,<br>Nikolaja Saltikova 2</p>



<p class="has-text-align-center has-medium-font-size wp-block-paragraph" style="text-transform:uppercase"><a href="https://maps.app.goo.gl/bkfWdyzpWhjFgpRZ7" data-type="link" data-id="https://maps.app.goo.gl/bkfWdyzpWhjFgpRZ7">Kako do nas</a></p>
</div>
</div>



<div class="wp-block-column is-vertically-aligned-center has-global-padding is-layout-constrained wp-container-core-column-is-layout-7cd58ccc wp-block-column-is-layout-constrained" style="padding-top:var(--wp--preset--spacing--30);padding-right:var(--wp--preset--spacing--30);padding-bottom:var(--wp--preset--spacing--30);padding-left:var(--wp--preset--spacing--30)">
<figure class="wp-block-image alignwide size-large"><img loading="lazy" decoding="async" width="768" height="1024" src="https://2fem.rs/wp-content/uploads/2025/12/1F8A2713-768x1024.jpg" alt="Proffesional photo and video studio in BelgradeStudio za portrete Beograd" class="wp-image-79" srcset="https://2fem.rs/wp-content/uploads/2025/12/1F8A2713-768x1024.jpg 768w, https://2fem.rs/wp-content/uploads/2025/12/1F8A2713-225x300.jpg 225w, https://2fem.rs/wp-content/uploads/2025/12/1F8A2713-1152x1536.jpg 1152w, https://2fem.rs/wp-content/uploads/2025/12/1F8A2713-1536x2048.jpg 1536w, https://2fem.rs/wp-content/uploads/2025/12/1F8A2713-scaled.jpg 1920w" sizes="auto, (max-width: 768px) 100vw, 768px" /></figure>
</div>
</div>
</div>



<div class="wp-block-group alignfull is-style-section-5 has-global-padding is-layout-constrained wp-block-group-is-layout-constrained is-style-section-5--3" style="margin-top:0;margin-bottom:0;padding-top:var(--wp--preset--spacing--50);padding-bottom:var(--wp--preset--spacing--50)">
<h2 class="wp-block-heading has-text-align-center" style="padding-top:var(--wp--preset--spacing--30);padding-bottom:var(--wp--preset--spacing--30)">CENE</h2>



<p class="has-text-align-center wp-block-paragraph"><em>Studijske portretne sesije kreirane prema vašim željama i specifičnim zahtevima.</em></p>



<div class="wp-block-columns alignwide is-layout-flex wp-container-core-columns-is-layout-ecffd27f wp-block-columns-is-layout-flex" style="padding-top:var(--wp--preset--spacing--30);padding-right:var(--wp--preset--spacing--30);padding-bottom:var(--wp--preset--spacing--30);padding-left:var(--wp--preset--spacing--30)">
<div class="wp-block-column is-vertically-aligned-center is-layout-flow wp-block-column-is-layout-flow" style="border-width:1px;border-top-left-radius:15px;border-top-right-radius:15px;border-bottom-left-radius:15px;border-bottom-right-radius:15px;padding-top:0;padding-right:var(--wp--preset--spacing--30);padding-bottom:0;padding-left:var(--wp--preset--spacing--30);flex-basis:50%">
<p class="has-text-align-center wp-block-paragraph" style="padding-top:var(--wp--preset--spacing--20);padding-bottom:var(--wp--preset--spacing--20);font-size:clamp(21.027px, 1.314rem + ((1vw - 3.2px) * 1.272), 34px);">Termin za jednu osobu</p>



<p class="has-large-font-size wp-block-paragraph" style="padding-top:0;padding-bottom:0">€120</p>



<p class="wp-block-paragraph" style="font-size:14px">1 sat</p>



<ul style="padding-top:var(--wp--preset--spacing--20);padding-bottom:var(--wp--preset--spacing--20);padding-left:var(--wp--preset--spacing--20)" class="wp-block-list is-style-checkmark-list has-small-font-size">
<li>Studijska portretna sesija za jednu osobu</li>



<li>Profesionalna kolor korekcija i retuš lica</li>



<li>20+ fotografija</li>



<li>Različite pozadine i stilovi po izboru</li>



<li>Smernice za poziranje i pomoć odabira garderobe</li>
</ul>
</div>



<div class="wp-block-column is-vertically-aligned-center is-layout-flow wp-block-column-is-layout-flow" style="border-width:1px;border-top-left-radius:15px;border-top-right-radius:15px;border-bottom-left-radius:15px;border-bottom-right-radius:15px;padding-top:0;padding-right:var(--wp--preset--spacing--30);padding-bottom:0;padding-left:var(--wp--preset--spacing--30);flex-basis:50%">
<p class="has-text-align-center wp-block-paragraph" style="padding-top:var(--wp--preset--spacing--20);padding-bottom:var(--wp--preset--spacing--20);font-size:clamp(21.027px, 1.314rem + ((1vw - 3.2px) * 1.272), 34px);">Termin za dve osobe</p>



<p class="has-large-font-size wp-block-paragraph">€160</p>



<p class="wp-block-paragraph" style="font-size:14px">1 sat</p>



<ul style="padding-top:var(--wp--preset--spacing--20);padding-bottom:var(--wp--preset--spacing--20);padding-left:var(--wp--preset--spacing--20)" class="wp-block-list is-style-checkmark-list has-small-font-size">
<li>Individualni portreti za obe osobe</li>



<li>Zajednički portreti</li>



<li>Profesionalna kolor korekcija i retuš lica</li>



<li>30+ fotografija</li>



<li>Različite pozadine i stilovi po izboru</li>



<li>Smernice za poziranje i pomoć odabira garderobe</li>
</ul>
</div>



<div class="wp-block-column is-vertically-aligned-center is-layout-flow wp-block-column-is-layout-flow" style="border-width:1px;border-top-left-radius:15px;border-top-right-radius:15px;border-bottom-left-radius:15px;border-bottom-right-radius:15px;padding-top:0;padding-right:var(--wp--preset--spacing--30);padding-bottom:0;padding-left:var(--wp--preset--spacing--30);flex-basis:50%">
<p class="has-text-align-center wp-block-paragraph translation-block" style="padding-top:var(--wp--preset--spacing--20);padding-bottom:var(--wp--preset--spacing--20);font-size:clamp(21.027px, 1.314rem + ((1vw - 3.2px) * 1.272), 34px);">Termin za grupu</p>



<p class="has-text-align-center has-small-font-size wp-block-paragraph">Idealno za porodice i male grupe</p>



<p class="has-large-font-size wp-block-paragraph" style="padding-top:0;padding-bottom:0">€200</p>



<p class="has-small-font-size wp-block-paragraph" style="padding-top:0;padding-bottom:var(--wp--preset--spacing--20)">1 sat i 30 minuta</p>



<ul style="padding-top:0;padding-bottom:var(--wp--preset--spacing--20);padding-left:var(--wp--preset--spacing--20)" class="wp-block-list is-style-checkmark-list has-small-font-size">
<li>Individualni portreti svake osobe</li>



<li>Zajednički portreti</li>



<li>Profesionalna kolor korekcija i retuš lica</li>



<li>40+ fotografija</li>



<li>Različite pozadine i stilovi po izboru</li>



<li>Smernice za poziranje i pomoć odabira garderobe</li>
</ul>



<p class="has-text-align-center has-small-font-size wp-block-paragraph" style="padding-top:var(--wp--preset--spacing--20);padding-bottom:var(--wp--preset--spacing--20)">Do 4 osobe. Potrebna doplata za više od 4 osobe</p>
</div>
</div>



<p class="has-text-align-center has-medium-font-size wp-block-paragraph" style="padding-top:var(--wp--preset--spacing--30);padding-bottom:var(--wp--preset--spacing--30)">Za samo par klikova, bukirajte vaš termin</p>



<div class="wp-block-buttons is-content-justification-center is-layout-flex wp-container-core-buttons-is-layout-35f06ea7 wp-block-buttons-is-layout-flex">
<div class="wp-block-button"><a class="wp-block-button__link has-large-font-size has-custom-font-size wp-element-button" href="https://2fem.rs/sr/book-a-portrait-session/" style="border-top-left-radius:25px;border-top-right-radius:25px;border-bottom-left-radius:25px;border-bottom-right-radius:25px;padding-top:var(--wp--preset--spacing--30);padding-bottom:var(--wp--preset--spacing--30)"><strong>Zakažite fotografisanje u studiu</strong></a></div>
</div>
</div>



<div class="wp-block-buttons has-custom-font-size has-x-large-font-size is-content-justification-center is-layout-flex wp-container-core-buttons-is-layout-94b2d4c3 wp-block-buttons-is-layout-flex" style="border-top-left-radius:0px;border-top-right-radius:0px;border-bottom-left-radius:0px;border-bottom-right-radius:0px;padding-top:var(--wp--preset--spacing--30);padding-right:var(--wp--preset--spacing--40);padding-bottom:var(--wp--preset--spacing--50);padding-left:var(--wp--preset--spacing--40)">
<div class="wp-block-button"><a class="wp-block-button__link wp-element-button" href="https://2fem.rs/sr/" style="border-top-left-radius:25px;border-top-right-radius:25px;border-bottom-left-radius:25px;border-bottom-right-radius:25px;padding-top:var(--wp--preset--spacing--30);padding-right:var(--wp--preset--spacing--30);padding-bottom:var(--wp--preset--spacing--30);padding-left:var(--wp--preset--spacing--30)">Početna strana</a></div>
</div>
